{"id":83,"date":"2014-01-28T18:56:01","date_gmt":"2014-01-28T17:56:01","guid":{"rendered":"http:\/\/www.association-rev.club\/?page_id=83"},"modified":"2014-01-28T18:56:01","modified_gmt":"2014-01-28T17:56:01","slug":"nicolas","status":"publish","type":"page","link":"http:\/\/association-rev.club\/index.php\/realisations\/nicolas\/","title":{"rendered":"Nicolas"},"content":{"rendered":"<p style=\"text-align: center;\"><strong>Le r\u00e9seau de Nicolas.<\/strong><\/p>\n<p>Vous allez d\u00e9couvrir gr\u00e2ce \u00e0 des photos et quelques vid\u00e9os l&rsquo;int\u00e9gralit\u00e9 du r\u00e9seau de Nicolas.<\/p>\n<ul>Ce r\u00e9seau :<\/p>\n<li>Est constitu\u00e9 de 3 modules (160x100cm, 140x100cm et 140x100cm).<\/li>\n<li>Respecte les normes de la FFMF et peut \u00eatre raccord\u00e9 \u00e0 d&rsquo;autres clubs.<\/li>\n<li>Peut aussi bien fonctionner en analogique qu&rsquo;en num\u00e9rique.<\/li>\n<li><strong>La cat\u00e9naire<\/strong> de marque JV. Le fil et chaque poteau sont peints et num\u00e9rot\u00e9s. Quelques supports et fils de cat\u00e9naire ont \u00e9t\u00e9 r\u00e9alis\u00e9s avec du fil laiton pour s&rsquo;adapter au mieux au r\u00e9seau.<\/li>\n<\/ul>\n\n<ul>\n<li><strong>La signalisation<\/strong> qui \u00e9quipe les modules est une r\u00e9alisation personnelle a partir de profil\u00e9s de la marque Evergreen. Elle est fonctionnelle gr\u00e2ce \u00e0 l&#8217;emploi de leds. Elle est inspir\u00e9e de models r\u00e9els.<\/li>\n<\/ul>\n\n<ul>\n<li><strong>Le mat\u00e9riel<\/strong> pr\u00e9sent\u00e9 est une La BB 427013 de chez MEHANO. Lors de sa sortie, en 2006, la 427013 avait des pantographes qui ne ressemblaient pas du tout aux mod\u00e8les originaux. J&rsquo;ai entrepris de cr\u00e9er en laiton un mod\u00e8le de pantographe 1500v un peu plus conforme. Pour la CC 572074 de chez HJ, j&rsquo;ai utilis\u00e9 un petit moteur pour actionner un des 2 ventilateurs de la machine.<\/li>\n<\/ul>\n\n<p style=\"text-align: center;\"><iframe loading=\"lazy\" src=\"\/\/www.youtube.com\/embed\/a_APgvoVpWw\" height=\"200\" width=\"267\" allowfullscreen=\"\" frameborder=\"0\"><\/iframe> <iframe loading=\"lazy\" src=\"\/\/www.youtube.com\/embed\/GZqxX5q6h_4\" height=\"200\" width=\"267\" allowfullscreen=\"\" frameborder=\"0\"><\/iframe><\/p>\n<ul>\n<li><strong>Un car syst\u00e8me Faller <\/strong><em>(permet de faire rouler des v\u00e9hicules autonomes suivant un chemin d\u00e9fini)<\/em> et un portique forment un petit circuit anim\u00e9.<\/li>\n<\/ul>\n<p style=\"text-align: center;\"><iframe loading=\"lazy\" src=\"\/\/www.youtube.com\/embed\/JxQol2wLi0k\" height=\"315\" width=\"420\" allowfullscreen=\"\" frameborder=\"0\"><\/iframe><\/p>\n<ul>\n<li><strong>Raoul l&rsquo;aiguilleur<\/strong> est une construction personnelle r\u00e9alis\u00e9e avec un personnage de la gamme Preiser et divers profil\u00e9s en laiton. Le personnage est coup\u00e9 \u00e0 la taille et un bout de fil enfonc\u00e9 dans le bas du corps sert de pivot pour le haut. Le personnage est habill\u00e9 d&rsquo;un manteau confectionn\u00e9 avec du &#8230; papier toilette. La commande d&rsquo;aiguillage est r\u00e9alis\u00e9e avec des profil\u00e9s laiton le tout soud\u00e9 sur un morceau de circuit imprim\u00e9.<\/li>\n<\/ul>\n<p style=\"text-align: center;\"><iframe loading=\"lazy\" src=\"\/\/www.youtube.com\/embed\/SlPsPT5K25w\" height=\"315\" width=\"420\" allowfullscreen=\"\" frameborder=\"0\"><\/iframe><\/p>\n<ul>\n<li><strong>La grue Cockerill<\/strong> (connue de pas mal de mod\u00e9listes) est un mod\u00e8le r\u00e9alis\u00e9 par JOUEF. Gr\u00e2ce \u00e0 l&rsquo;ajout de 3 petits moteurs et d&rsquo;un d\u00e9codeur digital Hornby cette grue est maintenant fonctionnelle.<\/li>\n<\/ul>\n<p style=\"text-align: center;\"><iframe loading=\"lazy\" src=\"\/\/www.youtube.com\/embed\/VJ6ZPgsTyMY\" height=\"315\" width=\"420\" allowfullscreen=\"\" frameborder=\"0\"><\/iframe><\/p>\n<p>&nbsp;<\/p>\n","protected":false},"excerpt":{"rendered":"<p>Le r\u00e9seau de Nicolas. Vous allez d\u00e9couvrir gr\u00e2ce \u00e0 des photos et quelques vid\u00e9os l&rsquo;int\u00e9gralit\u00e9 du r\u00e9seau de Nicolas. Ce r\u00e9seau : Est constitu\u00e9 de 3 modules (160x100cm, 140x100cm et 140x100cm). Respecte les normes de la FFMF et peut \u00eatre raccord\u00e9 \u00e0 d&rsquo;autres clubs. Peut aussi bien fonctionner en analogique qu&rsquo;en num\u00e9rique. La cat\u00e9naire de &hellip; <\/p>\n<p class=\"link-more\"><a href=\"http:\/\/association-rev.club\/index.php\/realisations\/nicolas\/\" class=\"more-link\">Continuer la lecture<span class=\"screen-reader-text\"> de &laquo;&nbsp;Nicolas&nbsp;&raquo;<\/span><\/a><\/p>\n","protected":false},"author":2,"featured_media":0,"parent":70,"menu_order":0,"comment_status":"open","ping_status":"closed","template":"","meta":{"footnotes":""},"class_list":["post-83","page","type-page","status-publish","hentry"],"_links":{"self":[{"href":"http:\/\/association-rev.club\/index.php\/wp-json\/wp\/v2\/pages\/83","targetHints":{"allow":["GET"]}}],"collection":[{"href":"http:\/\/association-rev.club\/index.php\/wp-json\/wp\/v2\/pages"}],"about":[{"href":"http:\/\/association-rev.club\/index.php\/wp-json\/wp\/v2\/types\/page"}],"author":[{"embeddable":true,"href":"http:\/\/association-rev.club\/index.php\/wp-json\/wp\/v2\/users\/2"}],"replies":[{"embeddable":true,"href":"http:\/\/association-rev.club\/index.php\/wp-json\/wp\/v2\/comments?post=83"}],"version-history":[{"count":0,"href":"http:\/\/association-rev.club\/index.php\/wp-json\/wp\/v2\/pages\/83\/revisions"}],"up":[{"embeddable":true,"href":"http:\/\/association-rev.club\/index.php\/wp-json\/wp\/v2\/pages\/70"}],"wp:attachment":[{"href":"http:\/\/association-rev.club\/index.php\/wp-json\/wp\/v2\/media?parent=83"}],"curies":[{"name":"wp","href":"https:\/\/api.w.org\/{rel}","templated":true}]}}