{"id":418,"date":"2018-02-24T13:28:03","date_gmt":"2018-02-24T12:28:03","guid":{"rendered":"http:\/\/www.association-rev.club\/?page_id=418"},"modified":"2018-11-05T13:38:31","modified_gmt":"2018-11-05T12:38:31","slug":"418-2","status":"publish","type":"page","link":"http:\/\/association-rev.club\/index.php\/expositions\/2011-a-2020\/418-2\/","title":{"rendered":"2017"},"content":{"rendered":"<h1 style=\"text-align: center;\"><span style=\"color: #ff0000; text-decoration: underline;\"><strong>2017<\/strong><\/span><\/h1>\n<p>Aucune exposition pour le club cette ann\u00e9e pour plusieurs raisons provenant de la m\u00eame cause : absence d&rsquo;un local d\u00e9di\u00e9 pour le club.<\/p>\n<p>R\u00e9sultat, aucun de nos modules actuels n&rsquo;est entretenu pour \u00eatre op\u00e9rationnel. Impossible d&rsquo;am\u00e9liorer et de compl\u00e9ter ces modules d\u00e9j\u00e0 existants. Ne parlons m\u00eame pas d&rsquo;imaginer de nouveaux modules afin d&rsquo;apporter de la nouveaut\u00e9 lors des expositions habituelles ou nouvelles.<\/p>\n<p>Avec ce manque de local, la motivation des membres en prend un coup, mais nous tenons bon.<\/p>\n<p>D&rsquo;autres probl\u00e8mes annexes \u00e0 ce manque de local n&rsquo;aident pas non plus d&rsquo;apporter de r\u00e9ponses favorables aux invitations qui se sont faites plus rare (les organisateurs \u00e9tant au courant de notre manque de cr\u00e9ativit\u00e9).<\/p>\n<p>Les id\u00e9es sont pourtant bien pr\u00e9sentes et l&rsquo;imagination reste toujours d\u00e9bordante au sein du club. Nul doute que d\u00e8s qu&rsquo;un local sera disponible pour nous, de belles choses arriveront en m\u00eame temps.<\/p>\n<p>A bient\u00f4t.<\/p>\n","protected":false},"excerpt":{"rendered":"<p>2017 Aucune exposition pour le club cette ann\u00e9e pour plusieurs raisons provenant de la m\u00eame cause : absence d&rsquo;un local d\u00e9di\u00e9 pour le club. R\u00e9sultat, aucun de nos modules actuels n&rsquo;est entretenu pour \u00eatre op\u00e9rationnel. Impossible d&rsquo;am\u00e9liorer et de compl\u00e9ter ces modules d\u00e9j\u00e0 existants. Ne parlons m\u00eame pas d&rsquo;imaginer de nouveaux modules afin d&rsquo;apporter de &hellip; <\/p>\n<p class=\"link-more\"><a href=\"http:\/\/association-rev.club\/index.php\/expositions\/2011-a-2020\/418-2\/\" class=\"more-link\">Continuer la lecture<span class=\"screen-reader-text\"> de &laquo;&nbsp;2017&nbsp;&raquo;<\/span><\/a><\/p>\n","protected":false},"author":2,"featured_media":0,"parent":482,"menu_order":2,"comment_status":"closed","ping_status":"closed","template":"","meta":{"footnotes":""},"class_list":["post-418","page","type-page","status-publish","hentry"],"_links":{"self":[{"href":"http:\/\/association-rev.club\/index.php\/wp-json\/wp\/v2\/pages\/418","targetHints":{"allow":["GET"]}}],"collection":[{"href":"http:\/\/association-rev.club\/index.php\/wp-json\/wp\/v2\/pages"}],"about":[{"href":"http:\/\/association-rev.club\/index.php\/wp-json\/wp\/v2\/types\/page"}],"author":[{"embeddable":true,"href":"http:\/\/association-rev.club\/index.php\/wp-json\/wp\/v2\/users\/2"}],"replies":[{"embeddable":true,"href":"http:\/\/association-rev.club\/index.php\/wp-json\/wp\/v2\/comments?post=418"}],"version-history":[{"count":1,"href":"http:\/\/association-rev.club\/index.php\/wp-json\/wp\/v2\/pages\/418\/revisions"}],"predecessor-version":[{"id":472,"href":"http:\/\/association-rev.club\/index.php\/wp-json\/wp\/v2\/pages\/418\/revisions\/472"}],"up":[{"embeddable":true,"href":"http:\/\/association-rev.club\/index.php\/wp-json\/wp\/v2\/pages\/482"}],"wp:attachment":[{"href":"http:\/\/association-rev.club\/index.php\/wp-json\/wp\/v2\/media?parent=418"}],"curies":[{"name":"wp","href":"https:\/\/api.w.org\/{rel}","templated":true}]}}

<h1 style="text-align: center;"><span style="color: #ff0000; text-decoration: underline;"><strong>2017</strong></span></h1>
<p>Aucune exposition pour le club cette année pour plusieurs raisons provenant de la même cause : absence d&rsquo;un local dédié pour le club.</p>
<p>Résultat, aucun de nos modules actuels n&rsquo;est entretenu pour être opérationnel. Impossible d&rsquo;améliorer et de compléter ces modules déjà existants. Ne parlons même pas d&rsquo;imaginer de nouveaux modules afin d&rsquo;apporter de la nouveauté lors des expositions habituelles ou nouvelles.</p>
<p>Avec ce manque de local, la motivation des membres en prend un coup, mais nous tenons bon.</p>
<p>D&rsquo;autres problèmes annexes à ce manque de local n&rsquo;aident pas non plus d&rsquo;apporter de réponses favorables aux invitations qui se sont faites plus rare (les organisateurs étant au courant de notre manque de créativité).</p>
<p>Les idées sont pourtant bien présentes et l&rsquo;imagination reste toujours débordante au sein du club. Nul doute que dès qu&rsquo;un local sera disponible pour nous, de belles choses arriveront en même temps.</p>
<p>A bientôt.</p>

<p>2017 Aucune exposition pour le club cette année pour plusieurs raisons provenant de la même cause : absence d&rsquo;un local dédié pour le club. Résultat, aucun de nos modules actuels n&rsquo;est entretenu pour être opérationnel. Impossible d&rsquo;améliorer et de compléter ces modules déjà existants. Ne parlons même pas d&rsquo;imaginer de nouveaux modules afin d&rsquo;apporter de &hellip; </p>
<p class="link-more"><a href="http://association-rev.club/index.php/expositions/2011-a-2020/418-2/" class="more-link">Continuer la lecture<span class="screen-reader-text"> de &laquo;&nbsp;2017&nbsp;&raquo;</span></a></p>
