{"id":259,"date":"2014-01-30T16:02:02","date_gmt":"2014-01-30T15:02:02","guid":{"rendered":"http:\/\/www.association-rev.club\/?page_id=259"},"modified":"2018-11-05T13:37:06","modified_gmt":"2018-11-05T12:37:06","slug":"2012-2","status":"publish","type":"page","link":"http:\/\/association-rev.club\/index.php\/expositions\/2011-a-2020\/2012-2\/","title":{"rendered":"2012"},"content":{"rendered":"<h1 style=\"text-align: center;\"><span style=\"text-decoration: underline; color: #ff0000;\"><strong>2012<\/strong><\/span><\/h1>\n<p><strong>CLERMONT de L&rsquo;OISE<\/strong> (60) les 01-02 et 03 NOVEMBRE<br \/>\nBeaucoup de fum\u00e9e pour cette expo. En effet les modules Normand \u00e9poque II (1935) \u00e9taient de sortie, c&rsquo;\u00e9tait donc le royaume des locomotives \u00e0 vapeur (bien qu&rsquo;une loco \u00e9lectrique se soit \u00e9gar\u00e9e un instant au milieu de ces \u00ab\u00a0grand m\u00e8res\u00a0\u00bb).<br \/>\n<iframe loading=\"lazy\" src=\"\/\/www.youtube.com\/embed\/cuyS5aPL0QU\" height=\"315\" width=\"560\" allowfullscreen=\"\" frameborder=\"0\"><\/iframe><\/p>\n","protected":false},"excerpt":{"rendered":"<p>2012 CLERMONT de L&rsquo;OISE (60) les 01-02 et 03 NOVEMBRE Beaucoup de fum\u00e9e pour cette expo. En effet les modules Normand \u00e9poque II (1935) \u00e9taient de sortie, c&rsquo;\u00e9tait donc le royaume des locomotives \u00e0 vapeur (bien qu&rsquo;une loco \u00e9lectrique se soit \u00e9gar\u00e9e un instant au milieu de ces \u00ab\u00a0grand m\u00e8res\u00a0\u00bb).<\/p>\n","protected":false},"author":2,"featured_media":0,"parent":482,"menu_order":2,"comment_status":"open","ping_status":"closed","template":"","meta":{"footnotes":""},"class_list":["post-259","page","type-page","status-publish","hentry"],"_links":{"self":[{"href":"http:\/\/association-rev.club\/index.php\/wp-json\/wp\/v2\/pages\/259","targetHints":{"allow":["GET"]}}],"collection":[{"href":"http:\/\/association-rev.club\/index.php\/wp-json\/wp\/v2\/pages"}],"about":[{"href":"http:\/\/association-rev.club\/index.php\/wp-json\/wp\/v2\/types\/page"}],"author":[{"embeddable":true,"href":"http:\/\/association-rev.club\/index.php\/wp-json\/wp\/v2\/users\/2"}],"replies":[{"embeddable":true,"href":"http:\/\/association-rev.club\/index.php\/wp-json\/wp\/v2\/comments?post=259"}],"version-history":[{"count":1,"href":"http:\/\/association-rev.club\/index.php\/wp-json\/wp\/v2\/pages\/259\/revisions"}],"predecessor-version":[{"id":485,"href":"http:\/\/association-rev.club\/index.php\/wp-json\/wp\/v2\/pages\/259\/revisions\/485"}],"up":[{"embeddable":true,"href":"http:\/\/association-rev.club\/index.php\/wp-json\/wp\/v2\/pages\/482"}],"wp:attachment":[{"href":"http:\/\/association-rev.club\/index.php\/wp-json\/wp\/v2\/media?parent=259"}],"curies":[{"name":"wp","href":"https:\/\/api.w.org\/{rel}","templated":true}]}}