{"id":14,"date":"2014-01-28T17:09:22","date_gmt":"2014-01-28T16:09:22","guid":{"rendered":"http:\/\/www.association-rev.club\/?page_id=14"},"modified":"2014-01-28T17:09:22","modified_gmt":"2014-01-28T16:09:22","slug":"nos-membres","status":"publish","type":"page","link":"http:\/\/association-rev.club\/index.php\/page-d-exemple-2\/nos-membres\/","title":{"rendered":"Nos membres"},"content":{"rendered":"<p align=\"left\"><strong><span style=\"font-family: Times New Roman; font-size: medium;\">Par ordre d\u2019arriv\u00e9e au club\u00a0:<\/span><\/strong><\/p>\n<p><span style=\"font-family: Times New Roman; font-size: medium;\">\u00a0<\/span><\/p>\n<p><span style=\"font-family: Times New Roman;\"><strong>Lionel<\/strong>, dit \u00ab\u00a0Docteur PECO\u00a0\u00bb. C\u2019est notre Pr\u00e9sident. La moyenne d\u2019age de ses locos se situe autour de trente ans, avec des bons vieux gros moteurs qui ignorent tout en dessous de 16 V.<br \/>\nPour lui, le Digital, \u00e7a ne le fait pas avec du mat\u00e9riel de cet age&#8230; Alors, il recompose son parc avec des machines un peu plus \u00ab\u00a0up to date\u00a0\u00bb.<\/span><\/p>\n<p><span style=\"font-family: Times New Roman;\"><strong>Nicolas<\/strong>, notre ancien Tr\u00e9sorier. Un clou qui d\u00e9passe\u00a0? Dremel\u00a0! Un rail \u00e0 couper\u00a0? Dremel\u00a0! Un trou \u00e0 percer\u00a0? Dremel\u00a0! Un personnage \u00e0 coller\u00a0? Drem\u2026 Non\u00a0! Quand m\u00eame pas.<br \/>\nIl ose tout\u2026 et le r\u00e9ussit\u00a0! Expert dans les automatismes, fervent d\u00e9fenseur du num\u00e9rique, il nous \u00e9tonne tous les jours. Allez voir ses r\u00e9alisations, dont sa grue\u00a0!<\/span><\/p>\n<p><span style=\"font-family: Times New Roman;\"><strong>Anne<\/strong>, qui vient d&rsquo;\u00eatre \u00e9lue Secr\u00e9taire. C\u2019est notre R\u00e9gulatrice des circulations lors des expositions et en r\u00e9gulation manuelle, tant qu\u2019il reste un peu de place, elle vous fera rouler un train\u00a0!<br \/>\nEt puis Anne vient de trouver sa voie. C&rsquo;est du HO\u00a0Am\u00e9ricain&#8230;. Et voila une gare en bois! Et un parcours de moto cross&#8230; Et un terrain de Baseball&#8230; Et&#8230; La \u00ab\u00a0police partrol\u00a0\u00bb en train de verbaliser. Oups pardon ! En train d&rsquo;avertir!\u00a0<\/span><\/p>\n<p><span style=\"font-family: Times New Roman;\"><strong>Pascal<\/strong>, c\u2019est notre responsable du mat\u00e9riel\u2026 Mais pas le mat\u00e9riel roulant. Non\u00a0! L\u2019autre mat\u00e9riel. Celui qui coupe, qui perce, qui ponce, qui soude\u2026 Si vous lui confiez un foret ou un emporte pi\u00e8ce \u00e0 aff\u00fbter, \u00e9vitez d\u2019y laisser tra\u00eener les doigts apr\u00e8s\u00a0! Vous pourriez y laisser un morceau de vous-m\u00eame\u00a0!\u00a0 <\/span><\/p>\n<p><span style=\"font-family: Times New Roman;\"><strong>Mich\u00e8le<\/strong>. <\/span><span style=\"font-family: Times New Roman;\">C\u2019est la femme du Pr\u00e9sident. <\/span><span style=\"font-family: Times New Roman;\">Elle, c\u2019est plut\u00f4t les maisons de poup\u00e9es et les vitrines qui l\u2019attirent. Peut \u00eatre qu\u2019un jour, elle nous pr\u00e9sentera ses r\u00e9alisations.<\/span><\/p>\n<p><span style=\"font-family: Times New Roman;\"><strong>Christian<\/strong>, expert chineur sur e.bay. Il a toujours fait une derni\u00e8re ench\u00e8re avant de venir\u2026 Et a trouv\u00e9\u00a0des arbres au Japon, des wagons Am\u00e9ricains dans le Nord, des poteaux t\u00e9l\u00e9graphiques en Allemagne, et des maisons\u2026 En TT\u00a0! <\/span><span style=\"font-family: Times New Roman;\">Comme il\u00a0il n&rsquo;y a pas tr\u00e8s\u00a0longtemps qu&rsquo;il fait du\u00a0train, il s\u2019est tourn\u00e9 directement vers le num\u00e9rique, et sa collection se d\u00e9veloppe de mani\u00e8re impressionnante. <\/span><\/p>\n<p><span style=\"font-family: Times New Roman;\"><strong>Hugo<\/strong>. La valeur n\u2019attend pas le nombre des ann\u00e9es\u00a0! Du haut de ses neuf ans, il est capable de donner des le\u00e7ons de d\u00e9cors et de conduite des trains. C\u2019est un vrai \u00ab\u00a0junior\u00a0\u00bb comme la F\u00e9d\u00e9ration les aime\u00a0! Une valeur sure\u00a0!<\/span><\/p>\n<p><span style=\"font-family: Times New Roman;\"><strong>C\u00e9cile<\/strong>. C\u2019est la seule\u00a0qui restent de la\u00a0d\u00e9ferlante de juniors que nous avions eu lors du\u00a0Forum des Associations du village\u00a0en 2007! Ils \u00e9taient 6\u00a0au d\u00e9part, mais sur la distance, seul la passion r\u00e9siste. Elle s&rsquo;est lanc\u00e9e dans\u00a0la construction d&rsquo;un module junior repr\u00e9sentant une gare&#8230; Et \u00e7a y va!<\/span><\/p>\n<p><span style=\"font-family: Times New Roman;\"><strong>Marie<\/strong>. Un jour, elle s&rsquo;est autoproclam\u00e9e \u00ab\u00a0Web master\u00a0\u00bb. Elle a jet\u00e9 les base de ce site&#8230; Et n&rsquo;y est jamais revenue !<\/span><\/p>\n<p><span style=\"font-family: Times New Roman;\"><strong>David<\/strong>. Il nous a d\u00e9couvert lors de l&rsquo;exposition de Rousseloy. \u00ab\u00a0J&rsquo;ai du mat\u00e9riel, et j&rsquo;aimerais bien le faire rouler\u00a0\u00bb, nous a t il dit. Depuis, tout est all\u00e9 tr\u00e8s vite&#8230; Quelques machines Roco, M\u00e9hano et Piko, une commande num\u00e9rique, une halte qui n&rsquo;a pas attendu longtemps avant de voir passer des trains. Et puis, c&rsquo;est comme au Far West; un train s&rsquo;arr\u00eate en gare et hop! Il y a une ville qui pousse, avec jardin public piste de skate, cours de tennis, bistrot&#8230;<\/span><\/p>\n<p><span style=\"font-family: Times New Roman;\"><strong>Jean Claude<\/strong>, C&rsquo;est notre Vice-Pr\u00e9sident. A un peu plus de soixante ans, il se tourne vers le HO, apr\u00e8s avoir fait du 0 et&#8230; de la grandeur nature au\u00a0MTVS \u00e0 Valmondois.<br \/>\nC&rsquo;est original, en g\u00e9n\u00e9ral, avec l&rsquo;age, on change d&rsquo;\u00e9chelle pour plus gros pour continuer de voir les d\u00e9tails ! C&rsquo;est un m\u00e9canicien hors pair! Il a invent\u00e9 un appareil pour ballaster les voies digne d&rsquo;un premier prix du concours L\u00e9pine! Alors que dire des poteaux de cat\u00e9naire, des pieds de modules et autres inventions ?<br \/>\n<\/span><\/p>\n<p><span style=\"font-family: Times New Roman;\"><strong>Francis<\/strong>, notre tr\u00e9sorier, il a vu notre site et il s&rsquo;est dit : \u00ab\u00a0tiens, un club de mod\u00e9lisme ferroviaire dans le coin.\u00a0\u00bb Alors, il est venu un dimanche pour voir et pour prendre des conseils en vue de la fabrication d\u2019un grand r\u00e9seau chez lui\u2026 et depuis il est l\u2019un des piliers de nos s\u00e9ances. C\u2019est un fonceur et un touche a tout tr\u00e8s dou\u00e9. Si vous avez le malheur de lui parler de construire un module au club, une semaine plus tard, il d\u00e9barque avec un plan et la semaine suivante\u00a0avec le module construit. Chez lui vitesse ne rime pas avec \u00ab\u00a0mal fait\u00a0\u00bb, et la menuiserie de son module est digne d\u2019\u00e9loges. Nous attendons avec impatience la suite.<br \/>\nFrancis rien ne l\u2019arr\u00eate\u2026m\u00eame pas la neige.<\/span><\/p>\n<p><span style=\"font-family: Times New Roman;\"><strong>Olivier<\/strong>, il est aussi membre du club Creil. Son plaisir est de faire rouler en HO les rames qui circulent en \u00ab\u00a0vrai\u00a0\u00bb, avec inertie au d\u00e9marrage est \u00e0 l\u2019arr\u00eat (pas facile l\u2019exploitation en exposition!). Il poss\u00e8de une belle collection de mat\u00e9riel et est incollable sur la composition des trains. Mais nous n\u2019avons pas encore r\u00e9ussit \u00e0 lui faire comprendre que faire rouler des trains de 11 voitures en pousse n\u2019est pas vraiment adapt\u00e9 \u00e0 un r\u00e9seau modulaire avec des courbes de 480mm de rayon&#8230;<\/span><\/p>\n<p><span style=\"font-family: Times New Roman;\"><strong>Jacques<\/strong>, il est venu un jour, comme \u00e7a, pour discuter. Il nous a alors dit qu&rsquo;il avait une maison, l\u00e0 bas, dans le Sud Ouest et qu&rsquo;il avait un projet de r\u00e9novation en cours. Il nous a aussi dit que lorsque les travaux seraient termin\u00e9s, c&rsquo;\u00e9tait promis, il viendrait nous revoir. Et puis nous n&rsquo;avons plus eu de nouvelles de Jacques. \u00ab\u00a0Il nous a oubli\u00e9\u00a0\u00bb avons nous pens\u00e9. Et bien non, puisque cinq ans plus tard, voici Jacques de retour. L&rsquo;\u00e9tendue de ses connaissances est impressionnante : histoire des chemins de fer, productions de mod\u00e8les r\u00e9duits, cote du march\u00e9 d&rsquo;occasion, organisation des transports ferroviaires dans le monde&#8230; Normal !\u00a0C&rsquo;est un professeur en retraite.<br \/>\n<\/span><\/p>\n<p><span style=\"font-family: Times New Roman;\"><strong>Alain<\/strong>, il \u00e9cume presque chaque week end les brocantes \u00e0 la recherche de nouvelles pi\u00e8ces pour ces collections. Oui ces collections car il ne s\u2019int\u00e9resse pas uniquement au train mais aussi aux soldats napol\u00e9oniens, aux petites voitures, \u00e0 la vieille ferraille\u2026 mais sa principale caract\u00e9ristique reste son\u00a0 mode de d\u00e9placement favoris\u00a0: La mobylette.<\/span><\/p>\n<p><span style=\"font-family: Times New Roman;\"><strong>Claude<\/strong>.\u00a0 C\u2019est notre sympathique ami du sud ouest. En effet Claude vit pr\u00e8s de Pau et nous a d\u00e9couvert gr\u00e2ce \u00e0 notre site. Il profite de sa retraite pour passer son r\u00e9seau de l\u2019analogique (tous ces fils) au num\u00e9rique (sans relais). Sur un r\u00e9seau il aime que tout fonctionne comme en vrai. Lors de sa visite du mondial de la maquette \u00e0 Paris la phrase qu\u2019il a le plus prononc\u00e9e \u00ab\u00a0Oui\u2026mais les feux (de signalisation ferroviaire) ne fonctionnent pas\u2026\u00a0\u00bb<\/span><\/p>\n<p><span style=\"font-family: Times New Roman;\"><strong>Tristan<\/strong>. Et bien, lui aussi nous a d\u00e9couvert par le site. Il cherchait un club dans la r\u00e9gion&#8230; Et il a eu la surprise d&rsquo;en d\u00e9couvrir un dans le village d&rsquo;\u00e0 c\u00f4t\u00e9.<br \/>\n\u00ab\u00a0Chic ! Je vais pouvoir ressortir mon mat\u00e9riel qui n&rsquo;a pas tourn\u00e9 depuis vingt ans!\u00a0\u00bb S&rsquo;est il dit.<br \/>\nPuis : \u00ab\u00a0Bof ! Non ! Finalement, je garde mon vieux matos pour la collection et j&rsquo;ach\u00e8te du nouvelle g\u00e9n\u00e9ration.\u00a0\u00bb<br \/>\nEt puis hop, une centrale num\u00e9rique ! Et un module&#8230; Non ! Deux modules&#8230; Et&#8230;<br \/>\nLe moins qu&rsquo;on puisse dire, c&rsquo;est que \u00e7a d\u00e9m\u00e9nage !<\/span><\/p>\n<p><strong>Serge<\/strong>. Toujours le mot pour rire, un vrai bout en train, c&rsquo;est le cas de le dire. Besoin d&rsquo;un coup de main, pas de probl\u00e8me, Serge r\u00e9pond pr\u00e9sent. Il apprend et vite. Son talent de bricoleur et ses connaissances en informatique rendent bien des services.<\/p>\n<p><strong>Pascal et Manon<\/strong>. Le papa et la fille. Elle a du talent cette petite ! En plus d&rsquo;\u00eatre dou\u00e9e dans ce qu&rsquo;elle fait, elle est appliqu\u00e9e et arrive au bout de chaque chose qu&rsquo;elle entreprend. Son carburant : Les madeleines. Elle en mange presque autant qu&rsquo;elle construit de belles choses. Le papa arrive \u00e0 suivre car sinon, ce sera la fille qui donnera les conseils.<\/p>\n","protected":false},"excerpt":{"rendered":"<p>Par ordre d\u2019arriv\u00e9e au club\u00a0: \u00a0 Lionel, dit \u00ab\u00a0Docteur PECO\u00a0\u00bb. C\u2019est notre Pr\u00e9sident. La moyenne d\u2019age de ses locos se situe autour de trente ans, avec des bons vieux gros moteurs qui ignorent tout en dessous de 16 V. Pour lui, le Digital, \u00e7a ne le fait pas avec du mat\u00e9riel de cet age&#8230; Alors, &hellip; <\/p>\n<p class=\"link-more\"><a href=\"http:\/\/association-rev.club\/index.php\/page-d-exemple-2\/nos-membres\/\" class=\"more-link\">Continuer la lecture<span class=\"screen-reader-text\"> de &laquo;&nbsp;Nos membres&nbsp;&raquo;<\/span><\/a><\/p>\n","protected":false},"author":2,"featured_media":0,"parent":6,"menu_order":0,"comment_status":"open","ping_status":"closed","template":"","meta":{"footnotes":""},"class_list":["post-14","page","type-page","status-publish","hentry"],"_links":{"self":[{"href":"http:\/\/association-rev.club\/index.php\/wp-json\/wp\/v2\/pages\/14","targetHints":{"allow":["GET"]}}],"collection":[{"href":"http:\/\/association-rev.club\/index.php\/wp-json\/wp\/v2\/pages"}],"about":[{"href":"http:\/\/association-rev.club\/index.php\/wp-json\/wp\/v2\/types\/page"}],"author":[{"embeddable":true,"href":"http:\/\/association-rev.club\/index.php\/wp-json\/wp\/v2\/users\/2"}],"replies":[{"embeddable":true,"href":"http:\/\/association-rev.club\/index.php\/wp-json\/wp\/v2\/comments?post=14"}],"version-history":[{"count":0,"href":"http:\/\/association-rev.club\/index.php\/wp-json\/wp\/v2\/pages\/14\/revisions"}],"up":[{"embeddable":true,"href":"http:\/\/association-rev.club\/index.php\/wp-json\/wp\/v2\/pages\/6"}],"wp:attachment":[{"href":"http:\/\/association-rev.club\/index.php\/wp-json\/wp\/v2\/media?parent=14"}],"curies":[{"name":"wp","href":"https:\/\/api.w.org\/{rel}","templated":true}]}}